st derivative of -p**2/2 - 1. Suppose -5*t = 2*n + n, -2*t = 2*n. Let j be n*(-2)/(-10) - (-1)/(-1). Give h(j).
1
Let o(a) = -74418*a**2 + 74411*a**2 + 2*a**3 + 1 - 4*a - 3*a**3. Suppose -6 = -3*b + 2*b + 3*i, 5*i = 4*b + 4. Calculate o(b).
-11
Suppose 5*f - 5*l = 25, -4*f + 2*l + 8 = -16. Let s(k) be the first derivative of -k**4/4 + 2*k**3 + 9*k**2/2 + 178. Determine s(f).
14
Let i(a) = -a**3 + 11*a**2 - 11*a + 8. Let c be (-164)/(-82) + 2 + 6. Give i(c).
-2
Let f(i) = i**3 + 7*i**2 + 7*i + 8. Let h be f(-6). Let d(n) = -20 + 50 + 5*n**h - 5*n - 29. Calculate d(1).
1
Let x(c) = -45 + 28*c + 38*c + 22*c + 37*c - 135*c. Calculate x(-5).
5
Let u(p) = -p**3 + 4*p**2 - p + 5. Let r be u(4). Let d(i) = -366*i + 419. Let a(m) = -47*m + 54. Let y(n) = -31*a(n) + 4*d(n). Calculate y(r).
-5
Let k(p) be the first derivative of p**3/3 + p**2 - 14*p + 1995. Determine k(5).
21
Let h(u) = -7*u**3 - 10*u**2 - 21*u - 2. Let r(s) = -3*s**3 - 5*s**2 - 10*s. Let t(q) = -4*h(q) + 9*r(q). Let y be -3*(1 + -1 + -2). Calculate t(y).
8
Let r(b) = -b + 11. Suppose 0 = -3*f + 2*h + 5, 3*f - 28 + 27 = 4*h. Suppose i = f, -3*l - 4*i = l - 56. Give r(l).
0
Let d(o) = -4*o**3 - 3 + 20*o - 1 + 11*o**2 - 13*o + 0*o**2. Determine d(3).
8
Let y(d) be the first derivative of -118 - 9*d + 1/2*d**2. Calculate y(6).
-3
Let c(v) = -v**2 + 50*v - 1. Let r(w) = -w**3 + 31*w**2 - 226*w + 91. Let l(u) = -5*c(u) - r(u). Give l(27).
-5
Suppose 5*v + 10 = 2*d - 17, -6*v = -30. Let o(r) = 12*r**2 - d*r**2 - 6 + 15*r**2 + 5*r. Calculate o(-5).
-6
Let v(p) be the second derivative of p**5/20 - p**3/6 + 2*p**2 - 2*p. Let m(g) = -g + 24. Let f be m(20). Suppose 0 = -2*q - 5*s + 20, f*s = 16. Calculate v(q).
4
Suppose -19*w - 896 + 592 = 0. Let l(p) = -4*p - 6. Give l(w).
58
Let i(v) = -9*v**3 - 4*v**2 - 8*v - 15. Let s(k) = 5*k**3 + 2*k**2 + 4*k + 8. Let w(d) = 6*i(d) + 11*s(d). Let f = -1 + -8. Let g = f + 13. Determine w(g).
14
Let g(n) = -n + 26. Suppose 53*m + 578 = 87*m. Give g(m).
9
Let r be 5/4 + 2/(-8). Let q(a) = 6*a**2 + 293*a - 13179 + 7*a**2 - 294*a + 13180. Calculate q(r).
13
Let o(g) = -9*g - 386. Let b be o(-43). Let q(n) be the second derivative of 0 + 0*n**2 + 11/12*n**4 + 0*n**3 - 11*n. Give q(b).
11
Let w be (-69)/(-7) - (-108)/(-126). Let k(t) = 5*t - 1. Let u(z) = 4*z - 2. Let l(d) = -2*k(d) + 3*u(d). Calculate l(w).
14
Let f(w) be the third derivative of 5/6*w**3 + 0 + 31*w**2 + 0*w - 1/24*w**4. What is f(5)?
0
Suppose 0 = f + 5*m - 3, 5*f = m + 4*m - 45. Let q = 49 + -41. Let r(b) = -q - 11 - 8*b**2 + b**2 - 9 + 25 - b**3. What is r(f)?
-3
Let c(b) = 115803*b - 57912*b - 23 - 57906*b. What is c(-7)?
82
Let k(t) be the second derivative of -t**2 + 1/4*t**4 - 5/6*t**3 + 0 + 1/20*t**5 + 89*t. Give k(-4).
2
Suppose -2*s = 4*c + 8, 3*s + 7*c - 10*c = -12. Let q(r) = 2*r**3 + 5*r**2 + 3*r + 8. Give q(s).
-52
Let h(v) = -38*v + 3. Let a(r) = 19*r - 170. Let t be a(9). What is h(t)?
-35
Let h be ((-24)/15)/(2/(-5)). Suppose -h*n + 5*n = -2. Let z(a) be the first derivative of a**4/4 - a**3/3 - a**2 + a + 289. What is z(n)?
-7
Let f be ((100/(-8))/1)/(2/(-4)). Let u(h) = -21 + f - 4*h + h. Suppose 20 = -p + 6*p + 5*y, -7 = -p - 4*y. Determine u(p).
-5
Suppose 0 = -4*v - 2*n + 44, v = n - 14 + 16. Let w(p) = -p**3 + 7*p**2 + 8*p + 4. Give w(v).
4
Let w(d) = 3*d - 56. Suppose -456*l + 79 + 101 = -444*l. Give w(l).
-11
Let q(y) = -y**3 - 2*y**2 + y. Let j(z) = 2*z + 26. Let k be j(-7). Suppose -62 = -k*l - 19*l. Determine q(l).
-14
Suppose -44 = 4*w + 3*h, -5*w - 4*h - 55 - 3 = 0. Let b(y) be the third derivative of -y**6/120 - y**5/60 - y**4/12 - y**3/3 - y**2. Give b(w).
6
Let l be 4*((-2)/(-4))/1. Let a be (0 + (-2)/(-4))*l. Let f(z) = 428*z**2 + 6*z. Let x(p) = 501*p**2 + 7*p. Let i(u) = -7*f(u) + 6*x(u). What is i(a)?
10
Suppose -b = -70 + 38. Let j(u) = 30*u - 64*u + b*u + 2. What is j(-6)?
14
Let m = -625 + 627. Let s(i) = -35 + 68 - 11*i**2 - 34 + i. What is s(m)?
-43
Let x = 49 - 47. Let g be (18/(-27)*21)/(x/1). Let y(z) = -2*z + 9. Determine y(g).
23
Let i(v) = 6*v - 1. Let d(j) = j**2 + 25*j - 18. Let p be d(-27). Let g = -29 + p. Let l(u) = -6*u + 1. Let w(q) = g*i(q) + 6*l(q). Determine w(-1).
-7
Suppose -2 = 2*b, i + 0*b + 4*b = -10. Let s(w) be the first derivative of 7*w - 2*w**3 - 1/2*w**2 - 1/4*w**4 + 54. What is s(i)?
13
Suppose -5*w - 14 = -4. Suppose 15 = -27*l + 32*l. Let y(a) = 4*a**3 - 13 - a**2 - 5*a**l + 2*a + 13. What is y(w)?
0
Suppose -4*o - 15*o - 276 = -333. Let d(q) = -q**2 - 40*q + 119. What is d(o)?
-10
Let p(y) = y**3 + 4*y**2 + 2*y - 3. Let d = -251 - -390. Let z = d + -142. Determine p(z).
0
Let g(h) = -94*h + 108. Let m(r) = -66*r + 71. Let l(u) = -5*g(u) + 7*m(u). Give l(5).
-3
Let m = -486 - -492. Let d(z) = -17 + 16 + m*z - 7*z. What is d(0)?
-1
Let g(h) be the third derivative of h**6/60 - h**5/15 - 23*h**3/6 - 1944*h**2. Calculate g(4).
41
Let n(w) = -2*w - 1. Let g be (-10 - 0)/((-1)/4). Let p = 39 - g. Let u be (-4)/(-4)*p*7. What is n(u)?
13
Suppose 0 = -4*l + 37 - 5. Let w = 4 - l. Let m(z) = z**2 + 5*z + 1. Let g(k) = -2*k**2 - 11*k - 3. Let p(y) = w*g(y) - 7*m(y). Give p(-9).
5
Suppose 5*m + 22*m = 8*m + 95. Let i(c) = c**2 - 2*c - 9. Determine i(m).
6
Let n = 211 - 212. Let o(h) = -25*h - 31. Let j be o(n). Let l(b) be the first derivative of b**4/4 + 5*b**3/3 - 5*b**2/2 + 4*b - 2. Give l(j).
-2
Let s = 13 + -20. Let n(d) = -d**3 + d**2 + 9*d - 7. Let b be n(3). Let k(u) = 8 + u**b - 2 + 3 + 8*u. Calculate k(s).
2
Let n(w) = -6*w - 10*w**2 - 6*w**2 + 5 + 15*w**2. Let f = 2720 - 2727. What is n(f)?
-2
Let d(r) = 11*r + 4*r + 2*r - 58 - 14*r. Calculate d(21).
5
Let y(c) = -5*c**2 - 2419*c - 2419. Let z be y(-1). Let t(d) = -1 + d + 1 + 7. Determine t(z).
2
Let m(p) = -4*p + 5 + 3*p + 2 - 5. Let h be 110/4 - (-12)/(-8). Suppose 4 = -25*i + h*i. Give m(i).
-2
Let f = -221 + 226. Let z(p) = -2*p**2 + 6 - f*p + 9*p + 3*p. What is z(6)?
-24
Suppose 827*q + 456 = 884*q. Let x(l) = l**3 - 8*l**2 + 6*l + 6. Determine x(q).
54
Let q(t) = 0*t - 7*t + 19*t + 314 - 354. Give q(4).
8
Let i(a) = -4*a**2 - 3*a - 9. Let z(t) = 3*t**2 + 2*t + 8. Let y(v) = -5*i(v) - 6*z(v). Suppose -3*j - 887 = -872, 2*c = 5*j + 29. Determine y(c).
11
Let d(a) = -a**2 - 31*a + 223. Suppose 330 = -526*z + 581*z. Calculate d(z).
1
Let f be 176/(15 - 4)*14/8. Let w(g) = 7*g + 12 - f*g + 11*g + 12*g. Let m = 10 + -21. What is w(m)?
-10
Let u(n) = -1 + 2 - 136788*n**2 + 136773*n**2. Determine u(1).
-14
Let m(b) be the third derivative of 11*b**8/20160 + b**7/2520 - b**6/720 - b**5/30 + b**4/24 - 2*b**2. Let l(y) be the third derivative of m(y). Determine l(1).
12
Let d be (-1)/(1/2)*-1. Let n(q) be the first derivative of 7*q**2/2 - 2*q + 15314. Calculate n(d).
12
Let x(k) = k**3 + 18*k**2 + 6. Let z be x(-18). Let d(q) = -4*q + 2516 + 4*q - 2504 - 3*q. What is d(z)?
-6
Suppose j + 5*r + 13 = 0, -837*j + 835*j + r = -18. Let c(x) = x**3 - 8*x**2 + x + 2. Give c(j).
-40
Let s(q) = -q**2 + q. Let x(f) = -4*f**2 - 7*f - 3. Let o(l) = 2*s(l) - x(l). Suppose 20*h - 28*h - 48 = 0. Give o(h).
21
Suppose -2*b - 4899*z + 4903*z = -8, 0 = -b + 4*z + 18. Let a(u) = 9*u + 71. What is a(b)?
-19
Let l = -1 + 4. Let h = -1356 - -1362. Let z(c) = -826*c + 409*c + h + 416*c. What is z(l)?
3
Let f be 60/8*(-224)/(-140). Let g(m) = m - 30. Give g(f).
-18
Let d(z) = z**3 + 9*z**2 - 8*z - 64. Let j be d(-7). Let s = 88 - j. Let p(v) = -v**3 - 3*v**2 - 3*v - 3. Give p(s).
-1
Let f = 674 + -660. Let j(m) = -2*m**2 + 3*m**2 - 182*m + 0*m**2 - 176*m + 366*m + f. Calculate j(-6).
2
Let v(k) = -k**3 - 6*k**2 - 2*k - 15. Let p be v(-6). Let t be (p/2)/(8/(-16)). Let z(c) = t*c**3 - 4*c**2 + 9*c**3 + 2*c - 10*c**3. Calculate z(2).
4
Let m(j) = -95*j - 90. Let r(h) = 34*h + 31. Let i(w) = 6*m(w) + 17*r(w). Determine i(4).
19
Let q be 10 - (9 + -12)*-1 - 4. Let d(k) = -10*k**2 + 8. Determine d(q).
-82
Suppose -371*d + 366*d - 35 = 0. Let x(f) be the second derivative of -2*f**3/3 - 3*f**2 + 17*f - 1. Give x(d).
22
Let r(f) = 26*f + 3. Let t(k) = -9*k - 1. Suppose -23*y - 187 = -12*y. Let p(c) = y*t(c) - 6*r(c). What is p(1)?
-4
Suppose -2*y + 2*c - 11 = 9, 5*y = -4*c - 5. Let m(s) = s**3 - s**2 - 14*s + 9. Calculate m(y).
-71
Let w(f) = -f**3 + f. Let c(a) = -a**3 - 7*a**2 + 9*a + 1. Suppose -2*s 